ase 6, what is 1222002 + -5?
1221553
In base 14, what is -1 - 1050?
-1051
In base 10, what is 438 - 243?
195
In base 3, what is 1011 + -11220?
-10202
In base 6, what is 1411000 - 0?
1411000
In base 5, what is -21 + -1323202?
-1323223
In base 5, what is 100 + -11302241?
-11302141
In base 15, what is -10ac - -19?
-1093
In base 15, what is 4 - 15d8?
-15d4
In base 12, what is -250589 - -3?
-250586
In base 7, what is -225011 - 10?
-225021
In base 14, what is -315 + 54?
-2a1
In base 12, what is 21271 - 5?
21268
In base 3, what is -10101100 + -100021?
-10201121
In base 5, what is -11 - -2103313?
2103302
In base 8, what is -11 + 7354?
7343
In base 15, what is -109 + -5a4?
-6ad
In base 6, what is 5414 - 14?
5400
In base 2, what is -100111001100011 - 1011?
-100111001101110
In base 13, what is 2 + 1ac?
1b1
In base 8, what is -357 - 1746?
-2325
In base 12, what is a6889 + 3?
a6890
In base 10, what is -21 + -14779?
-14800
In base 4, what is 0 + 100331?
100331
In base 10, what is 1481783 - 1?
1481782
In base 10, what is 2364 + 73?
2437
In base 5, what is 24142 + -102?
24040
In base 12, what is -4 + 22a24?
22a20
In base 9, what is -18175 - 2?
-18177
In base 16, what is -1 - -245d6?
245d5
In base 13, what is 2626c6 - -2?
2626c8
In base 11, what is 328 + -1417?
-109a
In base 13, what is 2 - -109c5?
109c7
In base 5, what is -42044314 - 1?
-42044320
In base 10, what is -131 - 69?
-200
In base 8, what is 20445433 + -2?
20445431
In base 10, what is -60 - -29683?
29623
In base 8, what is 512 - -126?
640
In base 15, what is 22e3 + 1?
22e4
In base 7, what is -1016 + -62?
-1111
In base 15, what is -b39 - 10?
-b49
In base 11, what is 6 + 17663?
17669
In base 8, what is -2501 - 226?
-2727
In base 8, what is 0 + -32346?
-32346
In base 4, what is -1031211 - 101?
-1031312
In base 10, what is 1 - 86289?
-86288
In base 2, what is -100011001 + -111001?
-101010010
In base 3, what is 211220 + 1022022?
2011012
In base 10, what is -20 + 3098?
3078
In base 2, what is 110000111110000100010 - -10?
110000111110000100100
In base 14, what is 5 - a4?
-9d
In base 4, what is 133030 + -12003?
121021
In base 16, what is 3 - 62e8?
-62e5
In base 8, what is 137300 - 3?
137275
In base 3, what is -12220 + 20?
-12200
In base 14, what is -4 + 34341?
3433b
In base 4, what is 3311301 - -1013?
3312320
In base 10, what is 72957 - -5?
72962
In base 9, what is -4 - 3718?
-3723
In base 10, what is -20252 - -3?
-20249
In base 14, what is -33c - 7?
-345
In base 16, what is -b + -1137?
-1142
In base 10, what is -58 - 1158?
-1216
In base 3, what is -110100210 - -111?
-110100022
In base 15, what is 4 + -1e846?
-1e842
In base 15, what is 75 + 9633?
96a8
In base 8, what is 0 + 74660?
74660
In base 5, what is 2 + 133330?
133332
In base 4, what is 1 - -32103?
32110
In base 14, what is 5241 + -27?
5218
In base 6, what is -115453 + 2?
-115451
In base 3, what is 1200120020 - 21?
1200112222
In base 10, what is -91 + 702?
611
In base 7, what is 3066 - -2435?
5534
In base 5, what is -321 - -24424?
24103
In base 9, what is -5 - 2070872?
-2070877
In base 3, what is 22210 - 221212?
-122002
In base 7, what is -52 - 10440?
-10522
In base 9, what is 847 + 6634?
7582
In base 8, what is -14 + 10266?
10252
In base 10, what is -11991 + -4?
-11995
In base 9, what is 21608 - -30?
21638
In base 15, what is -23cb4 - -6?
-23cad
In base 14, what is -4dda + -47?
-5043
In base 11, what is -338 + -249?
-586
In base 9, what is 233 + -18063?
-17730
In base 3, what is -122 + -12011011?
-12011210
In base 3, what is -11012122021012 + -1?
-11012122021020
In base 6, what is -15023132 + -2?
-15023134
In base 9, what is 3222 - 8?
3213
In base 14, what is 3726 + 43?
3769
In base 4, what is 1001 + -33323?
-32322
In base 14, what is -2dd94 - -4?
-2dd90
In base 13, what is -50c - 13bb?
-18ca
In base 11, what is -653 - 2075?
-2718
In base 9, what is -442462 - -4?
-442457
In base 13, what is 536 - -17?
550
In base 11, what is -13708 - 2?
-1370a
In base 12, what is -1 + -495a?
-495b
In base 13, what is 48 + 363?
3ab
In base 3, what is 11120100200 + -112?
11120100011
In base 13, what is 24c5c - 9?
24c53
In base 5, what is 132200 + 3101?
140301
In base 10, what is 42564 + 3?
42567
In base 7, what is -133 - 1214?
-1350
In base 15, what is c78 + -11?
c67
In base 16, what is -476 - 5a?
-4d0
In base 12, what is -64b6a - -3?
-64b67
In base 13, what is -8b0 + -501?
-10b1
In base 10, what is -1 - -58031?
58030
In base 9, what is 8 + 30?
38
In base 2, what is 10010011010111 + -1?
10010011010110
In base 15, what is -1653 - -ad?
-1595
In base 11, what is 83 + 395?
468
In base 3, what is 12 - 12012112202?
-12012112120
In base 11, what is -2 - -3368a?
33688
In base 10, what is -1110 - -518?
-592
In base 15, what is -1 - -241dc3?
241dc2
In base 10, what is 62 + -2414?
-2352
In base 14, what is b4 + 3316?
33ca
In base 4, what is -211220013 + 10?
-211220003
In base 10, what is -4360 - 4?
-4364
In base 13, what is -a - 13bb?
-13c8
In base 15, what is -1245 - d?
-1253
In base 11, what is 18 + 39aa6?
3a013
In base 15, what is 4 + 15c40?
15c44
In base 13, what is 8 + 1643?
164b
In base 6, what is 321 - 532?
-211
In base 14, what is -131ca + -10?
-131da
In base 4, what is 102030 + -12?
102012
In base 14, what is -9 + -10055?
-10060
In base 5, what is 4 + -2010124?
-2010120
In base 5, what is 1 + -4113342?
-4113341
In base 11, what is 370 - 425?
-65
In base 2, what is -1010 + 1101010011011100?
1101010011010010
In base 3, what is 100020111 - 20202?
22222202
In base 9, what is -220622 + -5?
-220627
In base 6, what is -11251454 + 10?
-11251444
In base 3, what is -10 - 121101110200?
-121101110210
In base 3, what is 110021112 + 1?
110021120
In base 2, what is -10010 - -100000?
1110
In base 16, what is -14 - -a503?
a4ef
In base 15, what is 4e - -11059?
110a8
In base 3, what is 20011 + 21121?
111202
In base 2, what is -100 + -101111010000110100010?
-101111010000110100110
In base 11, what is 6683 + 2?
6685
In base 2, what is -101 + -1100101000011?
-1100101001000
In base 9, what is 804 - -61?
865
In base 5, what is 1 - -14003?
14004
In base 10, what is -24 + -17932?
-17956
In base 9, what is -25287 + -16?
-25314
In base 2, what is 100 - 10011111010000?
-10011111001100
In base 8, what is -22 + -132?
-154
In base 2, what is -11010001011 - -11001?
-11001110010
In base 14, what is -c + b72?
b64
In base 11, what is -3069383 - 0?
-3069383
In base 4, what is -3 + -311100112?
-311100121
In base 11, what is -443 - -5?
-439
In base 15, what is -1c08d + 5?
-1c088
In base 4, what is -13312 - -3120?
-10132
In base 3, what is 211 - 1122111?
-1121200
In base 11, what is 4 - -6549?
6552
In base 13, what is -1 - -42?
41
In base 11, what is -99 - 206?
-2a4
In base 8, what is -421 - 1023?
-1444
In base 14, what is -553 - a?
-55d
In base 15, what is -54 + -21?
-75
In base 12, what is -90b82 - -3?
-90b7b
In base 3, what is 122 + -1201221?
-1201022
In base 8, what is -4 + 61467?
61463
In base 16, what is 4 + 2b2?
2b6
In base 10, what is -59826 - 61?
-59887
In base 10, what is 914 + 318?
1232
In base 6, what is 2 - 2300310?
-2300304
In base 7, what is 2211 + 11160?
13401
In base 10, what is -86 + 498?
412
In base 4, what is -1 + 120133232?
120133231
In base 6, what is -1150 - -12040?
10450
In base 13, what is -6 + -805?
-80b
In base 7, what is -222333 + 35?
-222265
In base 7, what is 3 + -3610205?
-3610202
In base 5, what is -20122 + -230?
-20402
In base 13, what is -1 - -1a28?
1a27
In base 13, what is -27 - 899?
-8c3
In base 14, what is 5dbb + -16?
5da5
In base 8, what is -2066605 + 1?
-2066604
In base 11, what is -11 + 2245?
2234
In base 3, what is 100 - -11100022?
11100122
In base 10, what is 11 - -2414?
2425
In base 16, what is 77 + 1c8?
23f
In base 15, what is 4 + 2a7?
2ab
In base 11, what is -14 + 1163?
114a
In base 7, what is -1 - -143446?
143445
In base 9, what is 1186085 - 1?
1186084
In base 11, what is -1 - 249222?
-249223
In base 5, what is -3 - -20431020?
20431012
In base 4, what is 10 - -2332230?
2332300
In base 2, what is 0 + -1110011001100?
-1110011001100
In base 15, what is 5 - 5751?
-574b
In base 6, what is -223331501 - -1?
-223331500
In base 12, what is 171 + -104?
69
In base 12, what is 2060 + 13?
2073
In base 10, what is -1574 - -12?
-1562
In base 9, what is 4 - -7711?
7715
In base 